e third derivative of 11*g**5/60 + g**4/24 - 7*g**2. Let d(f) = -12*f**2 - f. Let b(q) = -2*d(q) - 3*j(q). Determine b(1).
-10
Let o be -2 + (4/1)/1. Let c(z) = 2*z**2 - z + 3. Let h(i) = -i**2 - i - 1. Let a(k) = -6*k - 5. Let y be a(-1). Let w(d) = y*h(d) + c(d). Calculate w(o).
2
Let y(o) = -125*o + 241*o - 119*o - 8. What is y(-4)?
4
Let h(o) = 26*o + 35*o - o**2 - 54*o + o**2 - 1 + o**2. Suppose -3*g - 23 = k, -4*g + 5 = -5*g. Determine h(k).
7
Let w(v) = 2*v**2 + 27*v + 1. Let o(i) = -22 + i**2 + 13*i - 3*i + 23 + 4*i. Let j(l) = -11*o(l) + 6*w(l). What is j(-8)?
-5
Let s(a) be the second derivative of 40*a - 1/3*a**4 + 0 - 1/2*a**2 + 1/20*a**5 - 1/6*a**3. What is s(5)?
19
Let y(n) = n + 7 - 1 + 0*n - n**2. Suppose 8*o - 179 = -179. Give y(o).
6
Let z(j) = -j**3 - j**2. Let u be (2 + 3)/1 - 1. Suppose u*p = -5*y + 11, y + p - 7 = 5*p. Let a be 9/(y/(-1)) - -2. Give z(a).
0
Suppose 0 = 3*c, b = 4*b + 2*c - 54. Let z be (b/21)/(1/7). Let a(h) = -4*h - 4 + 4*h + 2*h. What is a(z)?
8
Let x = -39 - -38. Let s(t) = -13*t**3 - 2*t - 1. What is s(x)?
14
Let q(k) = k**3 - 3*k**2 - 5*k - 3. Let a(w) = w**2 + w - 1. Let j(u) = -2*a(u) + q(u). Give j(6).
-7
Let q(j) = -j**3 - 2*j**2 + 4*j + 2. Let v be ((-16 - -9) + -2)/3. Calculate q(v).
-1
Let d(y) = y**2 - 2*y + 3. Let r(t) = t**3 + 2*t**2 + 7. Let w be r(0). Determine d(w).
38
Let a(f) = -f - 2. Let n(c) = -c**3 + 6*c**2 + 10*c + 13. Let h(w) = -4*a(w) - n(w). Determine h(7).
2
Suppose 0*n - 30 = -5*n. Let y(b) = n*b + 5 - 5. Suppose -4*j - 2*s - 6 = 4, -4*j - 5*s - 19 = 0. Determine y(j).
-6
Let t(r) be the first derivative of -r**3 + 3/2*r**2 + 0*r + 21. Determine t(3).
-18
Let v(m) = 59*m + 67*m - 129*m. Calculate v(-1).
3
Let f(r) = 11*r**3 + r - 1. Suppose 5*d + k + k - 2 = 0, 3 = -2*d + 3*k. Suppose -m + 13 = -3*p - d, -3*m - p - 1 = 0. Determine f(m).
11
Let l(p) = p**3 + 4*p**2 + p - 4. Let a(w) = -7*w + 74. Let j be a(11). Determine l(j).
2
Suppose -4 = -2*u - 14. Let t(f) = -f**3 - 8*f**2 + 9*f + 5. Let q be t(-9). Let h(y) = -y**2 - 3*y + 0*y**2 + q*y**2 + 6 - 2*y + y**3. Give h(u).
6
Let f(d) be the third derivative of -d**5/12 + d**2 + 42*d. Determine f(-3).
-45
Suppose 4*h - 4*o = -0*h - 20, o + 7 = -2*h. Let c(w) = 5*w + 5. Give c(h).
-15
Let t = 7 + -4. Let a(y) be the first derivative of -y**4/24 - 3*y**2/2 - 2. Let p(q) be the second derivative of a(q). Calculate p(t).
-3
Let d = 1839 + -1845. Let i(a) = a**3 + 9*a**2 + 12*a - 3. Calculate i(d).
33
Let o(h) = -5*h - 8. Let r(x) = -2*x - 2. Let p(m) = -3*o(m) + 6*r(m). Calculate p(-6).
-6
Let l be (-253)/44 + (-7)/28. Let y(z) = z**3 + 5*z**2 - 3*z + 3. What is y(l)?
-15
Let k(v) = -4*v**3 + 3*v**2 - 2*v + 3. Let p(h) = 9*h**3 - 5*h**2 + 4*h - 6. Let n(z) = -7*k(z) - 3*p(z). Determine n(6).
9
Let s(v) = v**3 - 14*v**2 - 13*v + 4. Let i(g) = -g**3 + 15*g**2 + 13*g - 3. Let r(l) = 4*i(l) + 5*s(l). What is r(11)?
-14
Let r(b) = 32 + 5*b**2 + b - b**3 + 8 - 41. Suppose -2*i + 1 = 5. Let p(d) = -d**3 + 2*d + 1. Let t be p(i). Calculate r(t).
4
Let n(u) = -u**2 + 5*u + 14. Let q be n(7). Let d(k) = -9 + 4*k + 8*k - 17*k + 6*k. Give d(q).
-9
Let r(g) = -2*g - 7. Let s(l) = 2*l + 8. Let q(d) = -3*r(d) - 2*s(d). Let z = 3 + 4. Suppose -z*k + 3*k - 5*u - 44 = 0, -5*k + u - 26 = 0. What is q(k)?
-7
Let i = -2133 + 2131. Let j(a) = 4*a - 1. Let t(h) = 4*h - 1. Let x(c) = -3*j(c) + 4*t(c). Give x(i).
-9
Let a(w) be the second derivative of w**4/3 - w**3/6 + 3*w**2/2 - 315*w. What is a(-3)?
42
Let v(w) = w + 1. Let g = 19 + -16. Let b(z) = 13 + 8*z**2 - 9*z - z**g + z**2 + 0*z**3. Let u(l) = -b(l) + v(l). What is u(8)?
4
Let w(l) = l**2 - 7*l + 10. Let o be w(6). Suppose 0 = -a + o*r - 1, -4*a + 10 - 1 = -3*r. Let h(n) = -a*n - 49 + 26 - 2*n + 26. Calculate h(3).
-12
Let r(j) = -j**3 + 2*j + 3 - 348*j**2 + 2*j**3 + 344*j**2. Let o(a) = -2*a**3 + 5*a**2 - 3*a - 4. Let q(n) = 2*o(n) + 3*r(n). Give q(1).
-2
Let n(u) = u - 9. Let z = 257 - 247. Give n(z).
1
Let g(k) = k**3 - k**2 + k + 4. Let y(z) = z**2 - 8*z - 81. Let s be y(-6). What is g(s)?
25
Let i(z) = 26*z**3 + z - 25*z**3 + 2*z**2 + z - 3*z. Determine i(2).
14
Let d(h) = -10*h**3 + h**2 - 2*h + 1. Let g = -9 - -15. Suppose -1 - g = -7*k. Calculate d(k).
-10
Suppose 3 = -4*s - 1. Let u(n) be the first derivative of 7*n**4/8 + n**3/6 - 7*n**2 - 15. Let x(b) be the second derivative of u(b). Calculate x(s).
-20
Let s(u) be the first derivative of -u**4 - 2*u**3/3 + u - 3. Let a be s(-1). Let r be 1/a - (-4)/6. Let o(x) = 9*x**3 + x. Calculate o(r).
10
Let k(l) = 2*l - 22. Let f(m) = m**3 - 4*m**2 - 63*m - 8. Let g be f(-6). Give k(g).
-2
Let t(u) = -2*u**3 + 3*u**2 - 1. Let l(z) = z**3 - z**2 - 2*z + 2. Suppose -4 = b - 6. Let w be l(b). What is t(w)?
-5
Let q(l) = 0 - 4 + 3 - 3*l + 0. Let t(c) = -4*c**3 - 26*c**2 + 16*c + 11. Let a be t(-7). Give q(a).
8
Let o(j) be the first derivative of j**4/4 + j**3/3 - j + 117. What is o(-1)?
-1
Let o(a) = a + 6. Let n be (1 + 0)/((-8)/(-8))*-5. Determine o(n).
1
Let r be 1/4 + (-4)/16. Let k(u) = -2*u + 2*u + 1 - 4*u + r*u. What is k(2)?
-7
Let r(l) = -l. Let b = -19 - -18. Give r(b).
1
Let a(b) be the third derivative of -b**6/360 - b**4/24 + 37*b**3/6 + 43*b**2. Let o(k) be the first derivative of a(k). Determine o(0).
-1
Let a(r) be the second derivative of r**3/6 - r**2/2 + 7*r. Let y(q) = -q**2 - 9*q + 3. Let o(w) = 3*a(w) + y(w). Let s = -7 + 3. Calculate o(s).
8
Let u(l) be the second derivative of l**4/12 - 7*l**3/6 - 3*l**2 + 445*l. Give u(-4).
38
Let z(g) = g**2 + 5*g - 19. Let b(n) = n**3 + 6*n**2 - 7*n - 8. Let v be b(-7). What is z(v)?
5
Let m(v) = 3*v + 46. Suppose 55*i - 62 = 3*d + 60*i, 2*d + 40 = -3*i. Calculate m(d).
4
Let z(r) be the first derivative of r**2/2 - r - 50. Suppose -i - 2 = 2. Let h = i + 10. Calculate z(h).
5
Let u(g) = -1 - 15*g - 16*g + 33*g. Determine u(-2).
-5
Let k(s) = -26*s. Let h(v) = 85*v - 18. Let d be h(2). Let q = 153 - d. Calculate k(q).
-26
Let k(p) = -3*p - 7. Let o(u) = -u + 1. Let x(b) = k(b) - 2*o(b). Suppose 4*s + 6 = 2. Let q be (5*s)/(-7 + 8). What is x(q)?
-4
Let q(x) = 15*x. Let c(n) = 10*n. Let d(h) = -4*c(h) + 3*q(h). Suppose 0 = -r - g - 0*g + 5, -2*r + 3*g = 5. Determine d(r).
10
Let v(w) = 3*w - 3. Let r(k) = -k**3 + 4*k**2 + 3*k + 4. Let u be r(5). Suppose -x = 3*t + 9, -6 = 5*t - 5*x - 11. Let z be -3*((-8)/u + t). Calculate v(z).
3
Let p(z) = 14*z. Let d = 41 + -29. Suppose 0 = 4*l + 20, 4*b + 4*l + 0*l + d = 0. Let f be b/(-12) - (-10)/(-12). Determine p(f).
-14
Let v(i) be the third derivative of i**5/60 + i**4/6 - i**3/3 + i**2. Suppose 0 = -18*y + 410 + 328. Suppose y = -4*g + 25. Calculate v(g).
-2
Let z(s) = -s**3 + 16*s**2 + 6*s + 15. Let b(u) = u**3 - 18*u**2 - 7*u - 17. Let t(i) = 6*b(i) + 7*z(i). Suppose -15 = -4*l + 1. What is t(l)?
3
Suppose 5*s + 8*u = 3*u + 30, -2*u = -4*s. Suppose 3*f - 6 = -0. Let c(j) = -5 + j**2 - j + 7 + j**f. Determine c(s).
8
Let g = -423 + 421. Let b(w) = -2*w - 6. Give b(g).
-2
Let b(p) be the third derivative of -p**4/24 - 4*p**3 + 199*p**2. Calculate b(0).
-24
Let v(w) = w**2 - 8*w + 4. Suppose 148 = 45*z - 32. Determine v(z).
-12
Suppose -5*m - 140 = 5*i - 7*m, -4*i - 94 = 2*m. Let c = i + 27. Let u(j) = 4*j**2 - 2*j + 1. Give u(c).
3
Let y(z) = -z**2 + 0*z + 4*z + z. Calculate y(5).
0
Let s(v) = -v**3 + 6*v**2 - 5. Let l be 0 + -6 + (4 - -8) + 0. Determine s(l).
-5
Let z(n) = n - 1. Let p = 19 + -17. Suppose -12 = -0*q - 2*q - p*u, 4 = -2*q + 2*u. Let w be (q/4)/((-1)/2). What is z(w)?
-2
Let m(p) = -p**2 - 4*p - 12 + 4*p. Suppose -27*y + 29*y = -200. Let k = 100 + y. What is m(k)?
-12
Suppose f + 1 = 5*h - 10, 3*h - 4 = -2*f. Let s(q) = -4*q**2 - 10*q - q + q**3 + 8*q - 2 + h*q. Determine s(4).
-6
Let n(h) be the third derivative of -h**9/60480 - h**8/10080 - 7*h**5/60 + 9*h**2. Let d(q) be the third derivative of n(q). Calculate d(-2).
0
Suppose -95*v = -93*v - 10. Let h(t) be the first derivative of 3 - 1/4*t**4 + 7/3*t**3 - 2*t**2 - v*t. Calculate h(6).
7
Let b(q) be the third derivative of q**7/1008 - q**6/240 + q**5/6 + 39*q**2. Let o(v) be the third derivative of b(v). Calculate o(2).
7
Let v(o) be the third derivative of -o**4/8 + o**3/2 + 2*o**2. Let h = -1305 - -1308. What is v(h)?
-6
Let c(l) = -685*l - l**2 - 5 + 678*l + 4 - 2.